 the prime factors of 2311?
2311
What are the prime factors of 6337?
6337
List the prime factors of 4394.
2, 13
What are the prime factors of 15461?
15461
What are the prime factors of 54972?
2, 3, 509
What are the prime factors of 127730?
2, 5, 53, 241
What are the prime factors of 1084?
2, 271
List the prime factors of 3810.
2, 3, 5, 127
What are the prime factors of 58091?
11, 5281
What are the prime factors of 7389?
3, 821
List the prime factors of 12988.
2, 17, 191
What are the prime factors of 1595?
5, 11, 29
List the prime factors of 18596.
2, 4649
What are the prime factors of 926?
2, 463
What are the prime factors of 66515?
5, 53, 251
List the prime factors of 820.
2, 5, 41
What are the prime factors of 536?
2, 67
What are the prime factors of 49888?
2, 1559
List the prime factors of 55505.
5, 17, 653
List the prime factors of 2408.
2, 7, 43
List the prime factors of 44953.
44953
List the prime factors of 113648.
2, 7103
List the prime factors of 1170.
2, 3, 5, 13
What are the prime factors of 5529?
3, 19, 97
What are the prime factors of 182853?
3, 11, 1847
List the prime factors of 150.
2, 3, 5
What are the prime factors of 377?
13, 29
What are the prime factors of 670?
2, 5, 67
What are the prime factors of 11031?
3, 3677
What are the prime factors of 1335?
3, 5, 89
What are the prime factors of 8487?
3, 23, 41
List the prime factors of 3.
3
List the prime factors of 1173.
3, 17, 23
List the prime factors of 3038.
2, 7, 31
What are the prime factors of 6250?
2, 5
What are the prime factors of 335?
5, 67
What are the prime factors of 3554?
2, 1777
List the prime factors of 5560.
2, 5, 139
What are the prime factors of 2720?
2, 5, 17
What are the prime factors of 2195?
5, 439
List the prime factors of 39969.
3, 4441
What are the prime factors of 206?
2, 103
List the prime factors of 848.
2, 53
What are the prime factors of 547?
547
List the prime factors of 4064.
2, 127
List the prime factors of 26909.
71, 379
List the prime factors of 1970.
2, 5, 197
List the prime factors of 47358.
2, 3, 877
What are the prime factors of 9166?
2, 4583
What are the prime factors of 10591?
7, 17, 89
List the prime factors of 36197.
7, 5171
List the prime factors of 4874.
2, 2437
What are the prime factors of 475?
5, 19
What are the prime factors of 153?
3, 17
List the prime factors of 5810.
2, 5, 7, 83
List the prime factors of 681.
3, 227
What are the prime factors of 3336?
2, 3, 139
What are the prime factors of 7447?
11, 677
List the prime factors of 19769.
53, 373
List the prime factors of 35382.
2, 3, 5897
List the prime factors of 686.
2, 7
What are the prime factors of 19720?
2, 5, 17, 29
List the prime factors of 98910.
2, 3, 5, 7, 157
What are the prime factors of 352?
2, 11
List the prime factors of 2652.
2, 3, 13, 17
List the prime factors of 1188.
2, 3, 11
List the prime factors of 85412.
2, 131, 163
What are the prime factors of 1286?
2, 643
What are the prime factors of 6677?
11, 607
List the prime factors of 70071.
3, 23357
List the prime factors of 5069.
37, 137
What are the prime factors of 37411?
11, 19, 179
List the prime factors of 259.
7, 37
List the prime factors of 449.
449
What are the prime factors of 4307?
59, 73
List the prime factors of 2966.
2, 1483
List the prime factors of 6908.
2, 11, 157
What are the prime factors of 59851?
11, 5441
List the prime factors of 104.
2, 13
What are the prime factors of 2395?
5, 479
List the prime factors of 30420.
2, 3, 5, 13
What are the prime factors of 616?
2, 7, 11
List the prime factors of 30621.
3, 59, 173
What are the prime factors of 53339?
11, 13, 373
What are the prime factors of 12722?
2, 6361
List the prime factors of 2565.
3, 5, 19
List the prime factors of 120835.
5, 11, 13
List the prime factors of 31181.
31181
What are the prime factors of 8374?
2, 53, 79
What are the prime factors of 3095?
5, 619
List the prime factors of 421.
421
What are the prime factors of 20284?
2, 11, 461
List the prime factors of 52319.
113, 463
What are the prime factors of 1056?
2, 3, 11
List the prime factors of 4914.
2, 3, 7, 13
What are the prime factors of 2204?
2, 19, 29
What are the prime factors of 30677?
30677
What are the prime factors of 98081?
98081
What are the prime factors of 30?
2, 3, 5
List the prime factors of 23384.
2, 37, 79
List the prime factors of 27685.
5, 7, 113
List the prime factors of 1262.
2, 631
List the prime factors of 14195.
5, 17, 167
What are the prime factors of 33977?
61, 557
List the prime factors of 210.
2, 3, 5, 7
List the prime factors of 4012.
2, 17, 59
List the prime factors of 1364.
2, 11, 31
List the prime factors of 261.
3, 29
What are the prime factors of 53757?
3, 11, 181
What are the prime factors of 8673?
3, 7, 59
List the prime factors of 53076.
2, 3, 4423
List the prime factors of 6912.
2, 3
What are the prime factors of 481?
13, 37
List the prime factors of 55292.
2, 23, 601
What are the prime factors of 166462?
2, 83231
What are the prime factors of 994?
2, 7, 71
What are the prime factors of 68431?
11, 6221
List the prime factors of 278.
2, 139
What are the prime factors of 3838?
2, 19, 101
What are the prime factors of 446?
2, 223
What are the prime factors of 3814?
2, 1907
What are the prime factors of 9466?
2, 4733
List the prime factors of 50349.
3, 13, 1291
What are the prime factors of 1591?
37, 43
List the prime factors of 171.
3, 19
List the prime factors of 98093.
233, 421
What are the prime factors of 39506?
2, 19753
What are the prime factors of 528?
2, 3, 11
List the prime factors of 46492.
2, 59, 197
List the prime factors of 69539.
69539
What are the prime factors of 11913?
3, 11, 19
What are the prime factors of 1717?
17, 101
What are the prime factors of 23395?
5, 4679
List the prime factors of 604.
2, 151
List the prime factors of 2893.
11, 263
List the prime factors of 2760.
2, 3, 5, 23
List the prime factors of 22781.
11, 19, 109
List the prime factors of 2920.
2, 5, 73
List the prime factors of 72252.
2, 3, 223
What are the prime factors of 26729?
26729
List the prime factors of 233.
233
What are the prime factors of 1515?
3, 5, 101
List the prime factors of 925.
5, 37
List the prime factors of 1399.
1399
List the prime factors of 7200.
2, 3, 5
List the prime factors of 1446.
2, 3, 241
What are the prime factors of 1327?
1327
List the prime factors of 753.
3, 251
List the prime factors of 613.
613
List the prime factors of 676.
2, 13
What are the prime factors of 4201?
4201
List the prime factors of 5658.
2, 3, 23, 41
What are the prime factors of 1599?
3, 13, 41
List the prime factors of 52306.
2, 26153
What are the prime factors of 463?
463
What are the prime factors of 22247?
22247
What are the prime factors of 27696?
2, 3, 577
List the prime factors of 3920.
2, 5, 7
List the prime factors of 85879.
157, 547
What are the prime factors of 2230?
2, 5, 223
List the prime factors of 28708.
2, 7177
List the prime factors of 68456.
2, 43, 199
List the prime factors of 918.
2, 3, 17
What are the prime factors of 4938?
2, 3, 823
What are the prime factors of 1405?
5, 281
What are the prime factors of 105711?
3, 167, 211
List the prime factors of 28497.
3, 7, 23, 59
List the prime factors of 907.
907
List the prime factors of 557.
557
What are the prime factors of 3448?
2, 431
What are the prime factors of 789?
3, 263
List the prime factors of 7078.
2, 3539
What are the prime factors of 18006?
2, 3, 3001
What are the prime factors of 31120?
2, 5, 389
What are the prime factors of 159006?
2, 3, 26501
What are the prime factors of 10716?
2, 3, 19, 47
What are the prime factors of 903?
3, 7, 43
What are the prime factors of 771?
3, 257
What are the prime factors of 2943?
3, 109
What are the prime factors of 1959?
3, 653
What are the prime factors of 56804?
2, 11, 1291
List the prime factors of 5529.
3, 19, 97
What are the prime factors of 2190?
2, 3, 5, 73
List the prime factors of 1344.
2, 3, 7
List the prime factors of 75221.
19, 37, 107
What are the prime factors of 2555?
5, 7, 73
List the prime factors of 1734.
2, 3, 17
What are the prime factors of 55571?
61, 911
What are the prime factors of 909?
3, 101
What are the prime factors of 264?
2, 3, 11
List the prime factors of 932.
2, 233
List the prime factors of 4122.
2, 3, 